{"id":86,"date":"2025-06-20T03:34:47","date_gmt":"2025-06-20T03:34:47","guid":{"rendered":"https:\/\/marcelocacerespy.com\/?post_type=product&#038;p=86"},"modified":"2026-02-15T21:37:51","modified_gmt":"2026-02-15T21:37:51","slug":"pistas-partituras-musicas-paraguayas","status":"publish","type":"product","link":"https:\/\/marcelocacerespy.com\/?product=pistas-partituras-musicas-paraguayas","title":{"rendered":"Pistas + Partituras (M\u00fasicas Paraguayas)"},"content":{"rendered":"<p data-sourcepos=\"15:1-15:368\">Sum\u00e9rgete en la elegancia y la emotividad con nuestra colecci\u00f3n exclusiva de partituras y pistas del repertorio paraguayo. Cada pieza ha sido meticulosamente arreglada para resaltar la belleza y la riqueza arm\u00f3nica de nuestra m\u00fasica, ofreciendo a m\u00fasicos de eventos de alto nivel, tanto en Paraguay como en el escenario mundial, los recursos profesionales que merecen.<\/p>\n<p data-sourcepos=\"17:1-17:60\"><strong>La Importancia de un Repertorio Paraguayo de Alto Nivel:<\/strong><\/p>\n<p data-sourcepos=\"19:1-19:581\">En eventos que demandan excelencia y autenticidad (bodas elegantes, recepciones corporativas, conciertos de gala, festivales internacionales), la m\u00fasica paraguaya ofrece una profundidad emocional y una sofisticaci\u00f3n cultural \u00fanicas. Un repertorio bien interpretado no solo cautiva al p\u00fablico, sino que tambi\u00e9n distingue al m\u00fasico, mostrando versatilidad, sensibilidad y un profundo respeto por el arte. Nuestras partituras y pistas est\u00e1n dise\u00f1adas para permitirte precisamente eso: ejecutar la esencia de Paraguay con la calidad y el brillo que los escenarios de alto nivel exigen.<\/p>\n<p data-sourcepos=\"21:1-21:46\"><strong>\u00bfQu\u00e9 incluye este paquete digital premium?<\/strong><\/p>\n<ul data-sourcepos=\"23:1-34:0\">\n<li data-sourcepos=\"23:1-29:0\">\n<p data-sourcepos=\"23:3-23:251\"><strong>Partitura Profesional en PDF para M\u00faltiples Transposiciones:<\/strong> Recibir\u00e1s una partitura de alta resoluci\u00f3n y lectura clara, preparada con est\u00e1ndares de concierto, disponible en las tonalidades clave para una amplia gama de instrumentistas. Incluye:<\/p>\n<ul data-sourcepos=\"24:5-29:0\">\n<li data-sourcepos=\"24:5-24:79\"><strong>Partitura General (Full Score):<\/strong> Para una visi\u00f3n completa del arreglo.<\/li>\n<li data-sourcepos=\"25:5-25:191\"><strong>Partituras individuales para Instrumentos en DO (C):<\/strong> (Piano, Guitarra, Flauta, Oboe, Viol\u00edn, Violonchelo, Fagot, Tromb\u00f3n, Tuba, y otros instrumentos de concierto sin transposici\u00f3n).<\/li>\n<li data-sourcepos=\"26:5-26:133\"><strong>Partituras individuales para Instrumentos en MIb (Eb):<\/strong> (Saxof\u00f3n Alto, Saxof\u00f3n Bar\u00edtono, Clarinete en Mib, Trompeta en Mib).<\/li>\n<li data-sourcepos=\"27:5-27:176\"><strong>Partituras individuales para Instrumentos en SIb (Bb):<\/strong> (Clarinete en Sib, Trompeta en Sib, Saxof\u00f3n Tenor, Saxof\u00f3n Soprano, Corneta, Bar\u00edtono\/Eufonio en clave de sol).<\/li>\n<li data-sourcepos=\"28:5-29:0\">Marcas de ensayo, indicaciones de din\u00e1mica y articulaci\u00f3n precisas para una interpretaci\u00f3n fiel.<\/li>\n<\/ul>\n<\/li>\n<li data-sourcepos=\"30:1-34:0\">\n<p data-sourcepos=\"30:3-30:277\"><strong>Pista de Acompa\u00f1amiento MP3 (Calidad de Estudio):<\/strong> Sum\u00e9rgete en el sonido aut\u00e9ntico de la m\u00fasica paraguaya con nuestras pistas de acompa\u00f1amiento de alta fidelidad. Grabadas profesionalmente con instrumentaci\u00f3n [ej: orquestal, ensamble folkl\u00f3rico, piano], son ideales para:<\/p>\n<ul data-sourcepos=\"31:5-34:0\">\n<li data-sourcepos=\"31:5-31:89\"><strong>Ensayos inmersivos:<\/strong> Practica con un acompa\u00f1amiento que eleva tu interpretaci\u00f3n.<\/li>\n<li data-sourcepos=\"32:5-32:133\"><strong>Conciertos y eventos de lujo:<\/strong> Proyecta un sonido completo y pulido en cualquier escenario, incluso sin un ensamble en vivo.<\/li>\n<li data-sourcepos=\"33:5-34:0\"><strong>Maestr\u00eda musical:<\/strong> Permite concentrarte en tu ejecuci\u00f3n solista mientras el fondo sonoro es impecable.<\/li>\n<\/ul>\n<\/li>\n<\/ul>\n<p data-sourcepos=\"35:1-35:31\"><strong>Caracter\u00edsticas Destacadas:<\/strong><\/p>\n<ul data-sourcepos=\"37:1-41:0\">\n<li data-sourcepos=\"37:1-37:142\"><strong>Arreglos Exclusivos:<\/strong> Versiones frescas y sofisticadas de cl\u00e1sicos paraguayos y obras contempor\u00e1neas, creadas para el nivel de concierto.<\/li>\n<li data-sourcepos=\"38:1-38:189\"><strong>Versatilidad Instrumental:<\/strong> Partituras disponibles en tonalidades <strong>Do (C), Mib (Eb) y Sib (Bb)<\/strong>, garantizando compatibilidad con la mayor\u00eda de los instrumentos mel\u00f3dicos y arm\u00f3nicos.<\/li>\n<li data-sourcepos=\"39:1-39:94\"><strong>Calidad de Audio Superior:<\/strong> Pistas masterizadas para ofrecer la mejor experiencia sonora.<\/li>\n<li data-sourcepos=\"40:1-41:0\"><strong>Descarga Inmediata:<\/strong> Tu m\u00fasica, disponible al instante, est\u00e9s donde est\u00e9s.<\/li>\n<\/ul>\n<p data-sourcepos=\"42:1-42:76\"><strong>Ideal para M\u00fasicos de Eventos y Artistas de Alto Rendimiento que buscan:<\/strong><\/p>\n<ul data-sourcepos=\"44:1-48:0\">\n<li data-sourcepos=\"44:1-44:83\">Ofrecer un toque cultural distintivo y sofisticado en bodas, galas y recepciones.<\/li>\n<li data-sourcepos=\"45:1-45:102\">Ampliar su repertorio con obras paraguayas de valor art\u00edstico y t\u00e9cnico, adaptadas a su instrumento.<\/li>\n<li data-sourcepos=\"46:1-46:53\">Garantizar la m\u00e1xima calidad en sus presentaciones.<\/li>\n<li data-sourcepos=\"47:1-48:0\">Dejar una impresi\u00f3n inolvidable en audiencias nacionales e internacionales.<\/li>\n<\/ul>\n<p data-sourcepos=\"49:1-49:120\"><strong>\u00a1No dejes que tu repertorio pierda la magia. Inmortaliza la esencia paraguaya en cada nota con El Rinc\u00f3n del M\u00fasico!<\/strong><\/p>\n","protected":false},"excerpt":{"rendered":"<p>Descubre el alma de Paraguay con este pack esencial de partituras y pistas de alta calidad. Incluye las joyas del folklore paraguayo en tonalidades C, Eb y Bb, ideal para m\u00fasicos de \u00e9lite que buscan excelencia en cada evento.\u00bb<\/p>\n","protected":false},"featured_media":0,"comment_status":"open","ping_status":"closed","template":"","meta":[],"product_brand":[],"product_cat":[15],"product_tag":[],"class_list":{"0":"post-86","1":"product","2":"type-product","3":"status-publish","5":"product_cat-sin-categorizar","7":"first","8":"instock","9":"sale","10":"downloadable","11":"virtual","12":"taxable","13":"purchasable","14":"product-type-simple"},"_links":{"self":[{"href":"https:\/\/marcelocacerespy.com\/index.php?rest_route=\/wp\/v2\/product\/86","targetHints":{"allow":["GET"]}}],"collection":[{"href":"https:\/\/marcelocacerespy.com\/index.php?rest_route=\/wp\/v2\/product"}],"about":[{"href":"https:\/\/marcelocacerespy.com\/index.php?rest_route=\/wp\/v2\/types\/product"}],"replies":[{"embeddable":true,"href":"https:\/\/marcelocacerespy.com\/index.php?rest_route=%2Fwp%2Fv2%2Fcomments&post=86"}],"wp:attachment":[{"href":"https:\/\/marcelocacerespy.com\/index.php?rest_route=%2Fwp%2Fv2%2Fmedia&parent=86"}],"wp:term":[{"taxonomy":"product_brand","embeddable":true,"href":"https:\/\/marcelocacerespy.com\/index.php?rest_route=%2Fwp%2Fv2%2Fproduct_brand&post=86"},{"taxonomy":"product_cat","embeddable":true,"href":"https:\/\/marcelocacerespy.com\/index.php?rest_route=%2Fwp%2Fv2%2Fproduct_cat&post=86"},{"taxonomy":"product_tag","embeddable":true,"href":"https:\/\/marcelocacerespy.com\/index.php?rest_route=%2Fwp%2Fv2%2Fproduct_tag&post=86"}],"curies":[{"name":"wp","href":"https:\/\/api.w.org\/{rel}","templated":true}]}}